e
Is 2105239 prime?
False
Is 661183 composite?
False
Is 210328423 composite?
True
Is 12888851 prime?
True
Is 4216147 a prime number?
False
Is 121778213 prime?
False
Is 5971621 prime?
True
Is 774174965 composite?
True
Is 73800047 composite?
True
Is 3738653 a composite number?
True
Is 11281463 composite?
False
Is 10537843 prime?
True
Is 2156645 a composite number?
True
Is 3204699 prime?
False
Is 138825373 a prime number?
True
Is 2782211 prime?
True
Is 8924681 composite?
False
Is 18714205 prime?
False
Is 1242499 prime?
False
Is 8622041 prime?
True
Is 26266829 composite?
True
Is 134835865 a composite number?
True
Is 416658553 prime?
False
Is 32396929 a composite number?
True
Is 20127727 a prime number?
True
Is 27154343 prime?
False
Is 3532007 prime?
True
Is 2620559 a prime number?
False
Is 44857009 prime?
True
Is 303125819 prime?
True
Is 36543413 a prime number?
True
Is 46906721 composite?
False
Is 7819297 a prime number?
True
Is 235751 prime?
True
Is 1678075717 prime?
True
Is 1478569 composite?
True
Is 19249369 a prime number?
False
Is 801769 composite?
True
Is 4372051 prime?
True
Is 10715017 prime?
True
Is 20497427 composite?
True
Is 482179 prime?
True
Is 15172601 composite?
False
Is 1638547 prime?
True
Is 6446101 composite?
False
Is 5594307 a prime number?
False
Is 135574589 a prime number?
True
Is 6178433 composite?
False
Is 1454263 a prime number?
False
Is 870943847 prime?
False
Is 146479 a prime number?
False
Is 3554039 a prime number?
True
Is 4685903 a composite number?
False
Is 8623961 prime?
True
Is 8431373 composite?
True
Is 1338542 composite?
True
Is 12920731 prime?
False
Is 3857531 prime?
True
Is 5058289 prime?
True
Is 72700717 a composite number?
False
Is 16596137 a prime number?
True
Is 29562263 a composite number?
False
Is 7708639 prime?
False
Is 3423547 a composite number?
True
Is 387503 composite?
False
Is 145777451 composite?
False
Is 18222089 a prime number?
False
Is 5891687 composite?
False
Is 11375449 composite?
False
Is 92254057 composite?
True
Is 30412541 a prime number?
False
Is 599623 a prime number?
True
Is 34853705 a composite number?
True
Is 2226751 a composite number?
True
Is 1906279 prime?
False
Is 184019421 a prime number?
False
Is 1027319 a composite number?
False
Is 83357 composite?
False
Is 17646199 prime?
False
Is 27248981 composite?
False
Is 15714371 a composite number?
False
Is 1870069 composite?
True
Is 88252937 prime?
True
Is 11450917 prime?
False
Is 131581801 composite?
True
Is 13169243 prime?
True
Is 80329269 a composite number?
True
Is 2943758 composite?
True
Is 40561531 a composite number?
False
Is 4420453 prime?
True
Is 16808039 prime?
True
Is 85725683 a composite number?
True
Is 623399297 prime?
False
Is 187686841 composite?
False
Is 6581189 a prime number?
True
Is 490771693 a prime number?
True
Is 4598329 composite?
False
Is 41099647 a composite number?
True
Is 125483 a prime number?
False
Is 7807997 a prime number?
False
Is 5082613 prime?
True
Is 92225899 prime?
False
Is 12207289 a prime number?
False
Is 161937638 a prime number?
False
Is 3159823 a composite number?
False
Is 3513031 prime?
False
Is 48065 a composite number?
True
Is 147937 a prime number?
True
Is 4864073 prime?
True
Is 464434393 a prime number?
True
Is 4409063 a composite number?
False
Is 26795513 composite?
False
Is 1491845 prime?
False
Is 331709381 prime?
False
Is 65184407 composite?
False
Is 194974373 a composite number?
True
Is 29558897 prime?
True
Is 8624311 a composite number?
False
Is 48439 prime?
False
Is 600729333 prime?
False
Is 5558743 a composite number?
True
Is 291923 prime?
True
Is 181119707 composite?
False
Is 10917539 a composite number?
False
Is 1203119 a composite number?
True
Is 197530651 a composite number?
False
Is 133080466 composite?
True
Is 2817589 a composite number?
True
Is 99230363 a prime number?
False
Is 320923 composite?
False
Is 1029057 a prime number?
False
Is 979519 prime?
True
Is 381643777 a composite number?
True
Is 929447 prime?
False
Is 10500431 a prime number?
True
Is 4988703 a prime number?
False
Is 127181234 a prime number?
False
Is 35917487 composite?
False
Is 1235171957 a prime number?
True
Is 10782521 a composite number?
True
Is 148291573 a prime number?
False
Is 120726857 a prime number?
True
Is 62805797 composite?
True
Is 18821641 a composite number?
True
Is 43043093 a prime number?
False
Is 69908311 a prime number?
False
Is 32088907 composite?
False
Is 8088763 composite?
True
Is 3369571 composite?
True
Is 180388691 a prime number?
False
Is 865703429 a composite number?
False
Is 67879589 a composite number?
True
Is 3864403 composite?
False
Is 525565294 composite?
True
Is 61376345 a composite number?
True
Is 4144537 a composite number?
False
Is 13473703 prime?
False
Is 4949803 a composite number?
True
Is 240181 a prime number?
False
Is 169076881 composite?
False
Is 15057635 composite?
True
Is 3949773 a prime number?
False
Is 8465329 prime?
True
Is 129614399 a prime number?
True
Is 442319 a composite number?
False
Is 8407837 a composite number?
False
Is 180087599 a prime number?
True
Is 6299159 prime?
False
Is 5903921 prime?
True
Is 71160707 a prime number?
False
Is 439704761 prime?
True
Is 896905 prime?
False
Is 6070742 prime?
False
Is 11859193 composite?
True
Is 28577165 a composite number?
True
Is 3457823 a prime number?
False
Is 636437829 a composite number?
True
Is 1125629 composite?
False
Is 239345 composite?
True
Is 806107 composite?
False
Is 974531759 composite?
False
Is 9275069 prime?
False
Is 17567969 a prime number?
True
Is 9554705 composite?
True
Is 123413 prime?
False
Is 7996787 prime?
True
Is 4617903 prime?
False
Is 369319 a composite number?
False
Is 426591623 a composite number?
False
Is 17665246 composite?
True
Is 9371783 a composite number?
False
Is 3404537 a composite number?
False
Is 2760691 a prime number?
False
Is 69391039 prime?
True
Is 26740577 a composite number?
False
Is 953060833 composite?
False
Is 15918079 a prime number?
True
Is 39269309 a prime number?
False
Is 341489 a composite number?
True
Is 72328807 a prime number?
False
Is 197367427 a prime number?
False
Is 8353309 a prime number?
False
Is 175896543 a composite number?
True
Is 1420343 composite?
True
Is 27518353 a composite number?
True
Is 2476403 a composite number?
True
Is 68045437 prime?
False
Is 9287939 composite?
False
Is 383290153 prime?
True
Is 13910783 a prime number?
True
Is 13990367 prime?
True
Is 19784477 a composite number?
False
Is 20237951 a composite number?
False
Is 1965751 prime?
True
Is 56552077 composite?
False
Is 27969637 composite?
True
Is 52446967 a composite number?
False
Is 79887811 composite?
True
Is 3363817 a prime number?
False
Is 129014371 a composite number?
False
Is 164023211 a composite number?
True
Is 212016787 composite?
False
Is 1331053 composite?
True
Is 56387761 a composite number?
False
Is 1774211521 composite?
False
Is 27651049 prime?
True
Is 557766101 composite?
False
Is 12840383 composite?
False
Is 407761 prime?
False
Is 6876937 a prime number?
True
Is 454478533 a composite number?
False
Is 5556851 a prime number?
True
Is 10773943 a composite number?
True
Is 1652407 composite?
False
Is 1444927 composite?
True
Is 17928283 prime?
False
Is 803813 prime?
True
Is 6699599 a prime number?
True
Is 20640751 prime?
True
Is 109435747 a composite number?
False
Is 8762849 a composite number?
False
Is 57312043 a prime number?
False
Is 1700623 prime?
False
Is 11562947 prime?
False
Is 1951591 a prime number?
True
Is 10272071 a composite number?
False
Is 101037661 composite?
True
Is 1777183 a composite number?
True
Is 3078883 a composite number?
False
Is 33359489 composite?
False
Is 2037517607 a composite number?
False
Is 11770207 composite?
False
Is 69200371 a composite number?
False
Is 17419117 a composite number?
True
Is 5570647 prime?
True
Is 2974159 a composite number?
False
Is 24934651 a prime number?
False
Is 90077711 prime?
True
Is 17926179 a composite number?
True
Is 589781 composite?
True
Is 629243 prime?
True
Is 2384957 prime?
False
Is 2661797 composite?
False
Is 2109461 a composite number?
False
Is 2243551 a composite number?
False
Is 566621 composite?
True
Is 732443 a composite number?
True
Is 32758663 a prime number?
False
Is 1128382 prime?
False
Is 197080343 a comp